{"id":230,"date":"2021-12-14T12:09:49","date_gmt":"2021-12-14T12:09:49","guid":{"rendered":"https:\/\/managerino.de\/?page_id=230"},"modified":"2022-08-24T13:47:37","modified_gmt":"2022-08-24T13:47:37","slug":"preise","status":"publish","type":"page","link":"https:\/\/managerino.de\/?page_id=230","title":{"rendered":"Preise"},"content":{"rendered":"\n<h2 class=\"wp-block-heading\">Unsere Preise \u2013 fair, flexibel und transparent<\/h2>\n\n\n\n<p>Sie zahlen nur was Sie auch nutzen, keine versteckten Kosten und jederzeit k\u00fcndbar.<\/p>\n\n\n\n<hr class=\"wp-block-separator has-css-opacity\"\/>\n\n\n\n<h2 class=\"wp-block-heading\">Unsere Module und Kosten im \u00dcberblick:<\/h2>\n\n\n\n<div class=\"wp-block-media-text alignwide is-stacked-on-mobile\" style=\"grid-template-columns:29% auto\"><figure class=\"wp-block-media-text__media\"><img loading=\"lazy\" decoding=\"async\" width=\"245\" height=\"300\" src=\"https:\/\/managerino.de\/wp-content\/uploads\/2022\/08\/Zeiterfassung-245x300.jpg\" alt=\"\" class=\"wp-image-298 size-medium\" srcset=\"https:\/\/managerino.de\/wp-content\/uploads\/2022\/08\/Zeiterfassung-245x300.jpg 245w, https:\/\/managerino.de\/wp-content\/uploads\/2022\/08\/Zeiterfassung.jpg 710w\" sizes=\"auto, (max-width: 245px) 100vw, 245px\" \/><\/figure><div class=\"wp-block-media-text__content\">\n<h3 class=\"wp-block-heading\" id=\"block-58007cf2-cda0-439f-a8ca-19305f7daf38\">Arbeitszeiterfassung:<\/h3>\n\n\n\n<ul class=\"wp-block-list\"><li>Erfassung von Arbeits-, Pausen- und Abwesenheitszeiten<\/li><li>Verwaltung von Urlaub und allen weiteren Abwesenheiten (z.B. Krankheit, Elternzeit, und vieles mehr)<\/li><li>Erstellung unbegrenzter Arbeitszeitpl\u00e4ne und Feiertagskalender<\/li><li>Workflowgesteuerte Freigebeprozesse  und Vertretungsregeln<\/li><li>Teamkalender zur Teamverwaltung<\/li><li>Verwalten Sie Ihr Organisationsmanagement bestehend aus Standorte, Abteilungen und Stellen individuell per Drag&amp;Drop<\/li><li>Microsoft B365 integration<\/li><li>Zeiterfassungsger\u00e4t* inklusive Einrichtung und Support erh\u00e4ltlich.<\/li><\/ul>\n\n\n\n<p class=\"has-text-align-right\"><strong>3\u20ac pro Monat und User<\/strong><\/p>\n<\/div><\/div>\n\n\n\n<div class=\"wp-block-media-text alignwide is-stacked-on-mobile\" style=\"grid-template-columns:29% auto\"><figure class=\"wp-block-media-text__media\"><img loading=\"lazy\" decoding=\"async\" width=\"250\" height=\"140\" src=\"https:\/\/managerino.de\/wp-content\/uploads\/2022\/08\/e-zylinder_.jpg\" alt=\"\" class=\"wp-image-334 size-full\"\/><\/figure><div class=\"wp-block-media-text__content\">\n<h2 class=\"wp-block-heading\">Zutrittsverwaltung:<\/h2>\n\n\n\n<ul class=\"wp-block-list\"><li>Elektronisches T\u00fcrschloss, Wandleser, T\u00fcrbeschlag und vieles mehr, ma\u00dfgeschneidert nach Ihren Anforderungen*<\/li><li>Vergabe einzelner Zutrittsrechte pro Benutzer<\/li><li>Steuerung der Zutrittsrechte nach Uhrzeit<\/li><li>Auswertbarkeit der Zutritte, zum Beispiel bei Diebstahl oder hochvertraulichen R\u00e4umen.<\/li><li>Automatischer Zutrittsentzug beim Unternehmensaustritt ohne Zeitverzug<\/li><li>Support aus einer Hand<\/li><\/ul>\n\n\n\n<p class=\"has-text-align-right\"><strong>2\u20ac pro Monat und User<\/strong><\/p>\n<\/div><\/div>\n\n\n\n<br>\n\n\n\n<div class=\"wp-block-media-text alignwide is-stacked-on-mobile\" style=\"grid-template-columns:28% auto\"><figure class=\"wp-block-media-text__media\"><img loading=\"lazy\" decoding=\"async\" width=\"250\" height=\"221\" src=\"https:\/\/managerino.de\/wp-content\/uploads\/2022\/08\/digitale_personalakte-e1660641457852.jpg\" alt=\"\" class=\"wp-image-329 size-medium\"\/><\/figure><div class=\"wp-block-media-text__content\">\n<h2 class=\"wp-block-heading\"><strong>Digitale Personalakte:<\/strong><\/h2>\n\n\n\n<ul class=\"wp-block-list\"><li>unbegrenzter Upload von Dokumenten<\/li><li>Verschiedene Rubriken zur \u00fcbersichtlichen Verwaltung<\/li><li>Verschieben und Hochladen von Dokumenten per Drag&amp;Drop<\/li><li>Erinnerungsfunktion, zum Beispiel zur Arbeitsunterweisung oder F\u00fchrerscheinkontrolle<\/li><li>Verschl\u00fcsseltes Speichern der Dateien in auschlie\u00dflich deutschen Rechenzentren f\u00fcr maximale Sicherheit und Einhaltung der DSGVO<\/li><li>Suchfunktion<\/li><\/ul>\n\n\n\n<p class=\"has-text-align-right\"><strong>2\u20ac pro Monat und User<\/strong><\/p>\n<\/div><\/div>\n\n\n\n<br>\n\n\n\n<div class=\"wp-block-media-text alignwide is-stacked-on-mobile\" style=\"grid-template-columns:28% auto\"><figure class=\"wp-block-media-text__media\"><img loading=\"lazy\" decoding=\"async\" width=\"1024\" height=\"684\" src=\"https:\/\/managerino.de\/wp-content\/uploads\/2022\/08\/project-1024x684.jpg\" alt=\"\" class=\"wp-image-341 size-full\" srcset=\"https:\/\/managerino.de\/wp-content\/uploads\/2022\/08\/project-1024x684.jpg 1024w, https:\/\/managerino.de\/wp-content\/uploads\/2022\/08\/project-300x200.jpg 300w, https:\/\/managerino.de\/wp-content\/uploads\/2022\/08\/project-768x513.jpg 768w, https:\/\/managerino.de\/wp-content\/uploads\/2022\/08\/project.jpg 1280w\" sizes=\"auto, (max-width: 1024px) 100vw, 1024px\" \/><\/figure><div class=\"wp-block-media-text__content\">\n<h2 class=\"wp-block-heading\">Projektverwaltung:<\/h2>\n\n\n\n<ul class=\"wp-block-list\"><li>unbegrenzte Anlage von Kunden, Projekten und Aufgaben <\/li><li>Personalzuordnung mit individuellen Berechtigungen<\/li><li>Erfassen von Projektzeiten, Beschreibung und Dateien zur T\u00e4tigkeitserfassung<\/li><li>elektronische Dateiablage zur Ablage von Bestellungen, Auftragsbeschreibungen oder Projektunterlagen<\/li><li>Auswertbarkeit der Anwesenheit in Bezug auf Projektbearbeitung<\/li><\/ul>\n\n\n\n<p class=\"has-text-align-right\"><strong>2\u20ac pro Monat und User<\/strong><\/p>\n<\/div><\/div>\n\n\n\n<hr class=\"wp-block-separator has-css-opacity\"\/>\n\n\n\n<h3 class=\"wp-block-heading\"><strong>Basisgeb\u00fchr<\/strong>&nbsp;<br><\/h3>\n\n\n\n<p>Unsere Basisgeb\u00fchr ist unabh\u00e4ngig von der Anzahl der Benutzer und wird in H\u00f6he von 10,00\u20ac pro Monat erhoben. Die Basisgeb\u00fchr inkludiert den technischen Betrieb, die Wartung, die laufende Updates und den Support.&nbsp;<\/p>\n\n\n\n<p>Hinweis: Alle angef\u00fchrten Preise sind Netto-Preise.<\/p>\n\n\n\n<p>* Nicht im Preis inkludiert<br><\/p>\n","protected":false},"excerpt":{"rendered":"<p>Unsere Preise \u2013 fair, flexibel und transparent Sie zahlen nur was Sie auch nutzen, keine versteckten Kosten und jederzeit k\u00fcndbar. Unsere Module und Kosten im \u00dcberblick: Arbeitszeiterfassung: Erfassung von Arbeits-, [&hellip;]<\/p>\n","protected":false},"author":1,"featured_media":0,"parent":0,"menu_order":0,"comment_status":"closed","ping_status":"closed","template":"","meta":{"footnotes":""},"class_list":["post-230","page","type-page","status-publish","hentry"],"yoast_head":"<!-- This site is optimized with the Yoast SEO plugin v27.4 - https:\/\/yoast.com\/product\/yoast-seo-wordpress\/ -->\n<title>Preise - Managerino<\/title>\n<meta name=\"robots\" content=\"index, follow, max-snippet:-1, max-image-preview:large, max-video-preview:-1\" \/>\n<link rel=\"canonical\" href=\"https:\/\/managerino.de\/?page_id=230\" \/>\n<meta property=\"og:locale\" content=\"de_DE\" \/>\n<meta property=\"og:type\" content=\"article\" \/>\n<meta property=\"og:title\" content=\"Preise - Managerino\" \/>\n<meta property=\"og:description\" content=\"Unsere Preise \u2013 fair, flexibel und transparent Sie zahlen nur was Sie auch nutzen, keine versteckten Kosten und jederzeit k\u00fcndbar. Unsere Module und Kosten im \u00dcberblick: Arbeitszeiterfassung: Erfassung von Arbeits-, [&hellip;]\" \/>\n<meta property=\"og:url\" content=\"https:\/\/managerino.de\/?page_id=230\" \/>\n<meta property=\"og:site_name\" content=\"Managerino\" \/>\n<meta property=\"article:modified_time\" content=\"2022-08-24T13:47:37+00:00\" \/>\n<meta property=\"og:image\" content=\"https:\/\/managerino.de\/wp-content\/uploads\/2022\/08\/Zeiterfassung-245x300.jpg\" \/>\n<meta name=\"twitter:card\" content=\"summary_large_image\" \/>\n<meta name=\"twitter:label1\" content=\"Gesch\u00e4tzte Lesezeit\" \/>\n\t<meta name=\"twitter:data1\" content=\"3\u00a0Minuten\" \/>\n<script type=\"application\/ld+json\" class=\"yoast-schema-graph\">{\"@context\":\"https:\\\/\\\/schema.org\",\"@graph\":[{\"@type\":\"WebPage\",\"@id\":\"https:\\\/\\\/managerino.de\\\/?page_id=230\",\"url\":\"https:\\\/\\\/managerino.de\\\/?page_id=230\",\"name\":\"Preise - Managerino\",\"isPartOf\":{\"@id\":\"https:\\\/\\\/managerino.de\\\/#website\"},\"primaryImageOfPage\":{\"@id\":\"https:\\\/\\\/managerino.de\\\/?page_id=230#primaryimage\"},\"image\":{\"@id\":\"https:\\\/\\\/managerino.de\\\/?page_id=230#primaryimage\"},\"thumbnailUrl\":\"https:\\\/\\\/managerino.de\\\/wp-content\\\/uploads\\\/2022\\\/08\\\/Zeiterfassung-245x300.jpg\",\"datePublished\":\"2021-12-14T12:09:49+00:00\",\"dateModified\":\"2022-08-24T13:47:37+00:00\",\"breadcrumb\":{\"@id\":\"https:\\\/\\\/managerino.de\\\/?page_id=230#breadcrumb\"},\"inLanguage\":\"de\",\"potentialAction\":[{\"@type\":\"ReadAction\",\"target\":[\"https:\\\/\\\/managerino.de\\\/?page_id=230\"]}]},{\"@type\":\"ImageObject\",\"inLanguage\":\"de\",\"@id\":\"https:\\\/\\\/managerino.de\\\/?page_id=230#primaryimage\",\"url\":\"https:\\\/\\\/managerino.de\\\/wp-content\\\/uploads\\\/2022\\\/08\\\/Zeiterfassung.jpg\",\"contentUrl\":\"https:\\\/\\\/managerino.de\\\/wp-content\\\/uploads\\\/2022\\\/08\\\/Zeiterfassung.jpg\",\"width\":710,\"height\":869},{\"@type\":\"BreadcrumbList\",\"@id\":\"https:\\\/\\\/managerino.de\\\/?page_id=230#breadcrumb\",\"itemListElement\":[{\"@type\":\"ListItem\",\"position\":1,\"name\":\"Startseite\",\"item\":\"https:\\\/\\\/managerino.de\\\/\"},{\"@type\":\"ListItem\",\"position\":2,\"name\":\"Preise\"}]},{\"@type\":\"WebSite\",\"@id\":\"https:\\\/\\\/managerino.de\\\/#website\",\"url\":\"https:\\\/\\\/managerino.de\\\/\",\"name\":\"Managerino\",\"description\":\"manage employees, work efficiently!\",\"publisher\":{\"@id\":\"https:\\\/\\\/managerino.de\\\/#organization\"},\"potentialAction\":[{\"@type\":\"SearchAction\",\"target\":{\"@type\":\"EntryPoint\",\"urlTemplate\":\"https:\\\/\\\/managerino.de\\\/?s={search_term_string}\"},\"query-input\":{\"@type\":\"PropertyValueSpecification\",\"valueRequired\":true,\"valueName\":\"search_term_string\"}}],\"inLanguage\":\"de\"},{\"@type\":\"Organization\",\"@id\":\"https:\\\/\\\/managerino.de\\\/#organization\",\"name\":\"Managerino\",\"url\":\"https:\\\/\\\/managerino.de\\\/\",\"logo\":{\"@type\":\"ImageObject\",\"inLanguage\":\"de\",\"@id\":\"https:\\\/\\\/managerino.de\\\/#\\\/schema\\\/logo\\\/image\\\/\",\"url\":\"https:\\\/\\\/managerino.de\\\/wp-content\\\/uploads\\\/2021\\\/12\\\/cropped-IconOnly.png\",\"contentUrl\":\"https:\\\/\\\/managerino.de\\\/wp-content\\\/uploads\\\/2021\\\/12\\\/cropped-IconOnly.png\",\"width\":1024,\"height\":1024,\"caption\":\"Managerino\"},\"image\":{\"@id\":\"https:\\\/\\\/managerino.de\\\/#\\\/schema\\\/logo\\\/image\\\/\"}}]}<\/script>\n<!-- \/ Yoast SEO plugin. -->","yoast_head_json":{"title":"Preise - Managerino","robots":{"index":"index","follow":"follow","max-snippet":"max-snippet:-1","max-image-preview":"max-image-preview:large","max-video-preview":"max-video-preview:-1"},"canonical":"https:\/\/managerino.de\/?page_id=230","og_locale":"de_DE","og_type":"article","og_title":"Preise - Managerino","og_description":"Unsere Preise \u2013 fair, flexibel und transparent Sie zahlen nur was Sie auch nutzen, keine versteckten Kosten und jederzeit k\u00fcndbar. Unsere Module und Kosten im \u00dcberblick: Arbeitszeiterfassung: Erfassung von Arbeits-, [&hellip;]","og_url":"https:\/\/managerino.de\/?page_id=230","og_site_name":"Managerino","article_modified_time":"2022-08-24T13:47:37+00:00","og_image":[{"url":"https:\/\/managerino.de\/wp-content\/uploads\/2022\/08\/Zeiterfassung-245x300.jpg","type":"","width":"","height":""}],"twitter_card":"summary_large_image","twitter_misc":{"Gesch\u00e4tzte Lesezeit":"3\u00a0Minuten"},"schema":{"@context":"https:\/\/schema.org","@graph":[{"@type":"WebPage","@id":"https:\/\/managerino.de\/?page_id=230","url":"https:\/\/managerino.de\/?page_id=230","name":"Preise - Managerino","isPartOf":{"@id":"https:\/\/managerino.de\/#website"},"primaryImageOfPage":{"@id":"https:\/\/managerino.de\/?page_id=230#primaryimage"},"image":{"@id":"https:\/\/managerino.de\/?page_id=230#primaryimage"},"thumbnailUrl":"https:\/\/managerino.de\/wp-content\/uploads\/2022\/08\/Zeiterfassung-245x300.jpg","datePublished":"2021-12-14T12:09:49+00:00","dateModified":"2022-08-24T13:47:37+00:00","breadcrumb":{"@id":"https:\/\/managerino.de\/?page_id=230#breadcrumb"},"inLanguage":"de","potentialAction":[{"@type":"ReadAction","target":["https:\/\/managerino.de\/?page_id=230"]}]},{"@type":"ImageObject","inLanguage":"de","@id":"https:\/\/managerino.de\/?page_id=230#primaryimage","url":"https:\/\/managerino.de\/wp-content\/uploads\/2022\/08\/Zeiterfassung.jpg","contentUrl":"https:\/\/managerino.de\/wp-content\/uploads\/2022\/08\/Zeiterfassung.jpg","width":710,"height":869},{"@type":"BreadcrumbList","@id":"https:\/\/managerino.de\/?page_id=230#breadcrumb","itemListElement":[{"@type":"ListItem","position":1,"name":"Startseite","item":"https:\/\/managerino.de\/"},{"@type":"ListItem","position":2,"name":"Preise"}]},{"@type":"WebSite","@id":"https:\/\/managerino.de\/#website","url":"https:\/\/managerino.de\/","name":"Managerino","description":"manage employees, work efficiently!","publisher":{"@id":"https:\/\/managerino.de\/#organization"},"potentialAction":[{"@type":"SearchAction","target":{"@type":"EntryPoint","urlTemplate":"https:\/\/managerino.de\/?s={search_term_string}"},"query-input":{"@type":"PropertyValueSpecification","valueRequired":true,"valueName":"search_term_string"}}],"inLanguage":"de"},{"@type":"Organization","@id":"https:\/\/managerino.de\/#organization","name":"Managerino","url":"https:\/\/managerino.de\/","logo":{"@type":"ImageObject","inLanguage":"de","@id":"https:\/\/managerino.de\/#\/schema\/logo\/image\/","url":"https:\/\/managerino.de\/wp-content\/uploads\/2021\/12\/cropped-IconOnly.png","contentUrl":"https:\/\/managerino.de\/wp-content\/uploads\/2021\/12\/cropped-IconOnly.png","width":1024,"height":1024,"caption":"Managerino"},"image":{"@id":"https:\/\/managerino.de\/#\/schema\/logo\/image\/"}}]}},"_links":{"self":[{"href":"https:\/\/managerino.de\/index.php?rest_route=\/wp\/v2\/pages\/230","targetHints":{"allow":["GET"]}}],"collection":[{"href":"https:\/\/managerino.de\/index.php?rest_route=\/wp\/v2\/pages"}],"about":[{"href":"https:\/\/managerino.de\/index.php?rest_route=\/wp\/v2\/types\/page"}],"author":[{"embeddable":true,"href":"https:\/\/managerino.de\/index.php?rest_route=\/wp\/v2\/users\/1"}],"replies":[{"embeddable":true,"href":"https:\/\/managerino.de\/index.php?rest_route=%2Fwp%2Fv2%2Fcomments&post=230"}],"version-history":[{"count":35,"href":"https:\/\/managerino.de\/index.php?rest_route=\/wp\/v2\/pages\/230\/revisions"}],"predecessor-version":[{"id":423,"href":"https:\/\/managerino.de\/index.php?rest_route=\/wp\/v2\/pages\/230\/revisions\/423"}],"wp:attachment":[{"href":"https:\/\/managerino.de\/index.php?rest_route=%2Fwp%2Fv2%2Fmedia&parent=230"}],"curies":[{"name":"wp","href":"https:\/\/api.w.org\/{rel}","templated":true}]}}