{"id":79,"date":"2020-07-12T12:02:17","date_gmt":"2020-07-12T12:02:17","guid":{"rendered":"http:\/\/time-serv.de\/?page_id=79"},"modified":"2022-08-24T13:54:24","modified_gmt":"2022-08-24T13:54:24","slug":"schnittstellen","status":"publish","type":"page","link":"https:\/\/managerino.de\/?page_id=79","title":{"rendered":"Schnittstellen"},"content":{"rendered":"\n<div class=\"wp-block-media-text alignwide\" style=\"grid-template-columns:27% auto\"><figure class=\"wp-block-media-text__media\"><img loading=\"lazy\" decoding=\"async\" width=\"300\" height=\"300\" src=\"https:\/\/managerino.de\/wp-content\/uploads\/2022\/08\/logo_sap-300x300.jpeg\" alt=\"\" class=\"wp-image-353 size-medium\" srcset=\"https:\/\/managerino.de\/wp-content\/uploads\/2022\/08\/logo_sap-300x300.jpeg 300w, https:\/\/managerino.de\/wp-content\/uploads\/2022\/08\/logo_sap-150x150.jpeg 150w, https:\/\/managerino.de\/wp-content\/uploads\/2022\/08\/logo_sap.jpeg 577w\" sizes=\"auto, (max-width: 300px) 100vw, 300px\" \/><\/figure><div class=\"wp-block-media-text__content\">\n<p>Binden Sie Managerino\u00ae an Ihr SAP\u00ae -System an und verbuchen Sie Projektkosten auf Projektstrukturpl\u00e4ne, Auftr\u00e4ge oder Kostenstellen. Dar\u00fcber hinaus k\u00f6nnen auch Benutzerkonten verkn\u00fcpft werden und Arbeitszeiten in das SAP\u00ae HCM \u00fcbertragen und abgerechnet werden.<\/p>\n<\/div><\/div>\n\n\n\n<br>\n\n\n\n<div class=\"wp-block-media-text alignwide has-media-on-the-right\" style=\"grid-template-columns:auto 37%\"><figure class=\"wp-block-media-text__media\"><img loading=\"lazy\" decoding=\"async\" width=\"1024\" height=\"296\" src=\"https:\/\/managerino.de\/wp-content\/uploads\/2022\/08\/Microsoft_Azure.png\" alt=\"\" class=\"wp-image-354 size-full\" srcset=\"https:\/\/managerino.de\/wp-content\/uploads\/2022\/08\/Microsoft_Azure.png 1024w, https:\/\/managerino.de\/wp-content\/uploads\/2022\/08\/Microsoft_Azure-300x87.png 300w, https:\/\/managerino.de\/wp-content\/uploads\/2022\/08\/Microsoft_Azure-768x222.png 768w\" sizes=\"auto, (max-width: 1024px) 100vw, 1024px\" \/><\/figure><div class=\"wp-block-media-text__content\">\n<p>Sparen Sie Zeit und verwalten Sie Benutzerinformationen nicht mehrfach. Mit der Verkn\u00fcpfung von Managerino\u00ae und Microsoft\u00ae Azure entstehen keine Inkonsistenzen. Ferner erm\u00f6glicht die Microsoft\u00ae Azure Schnittstelle ein Single Sign on, sodass ein weiteres Kennwort und eine erneute Anmeldung f\u00fcr Ihre Anwender entf\u00e4llt.<\/p>\n<\/div><\/div>\n\n\n\n<br>\n\n\n\n<div class=\"wp-block-media-text alignwide\" style=\"grid-template-columns:19% auto\"><figure class=\"wp-block-media-text__media\"><img loading=\"lazy\" decoding=\"async\" width=\"608\" height=\"599\" src=\"https:\/\/managerino.de\/wp-content\/uploads\/2022\/08\/datev_logo.png\" alt=\"\" class=\"wp-image-355 size-full\" srcset=\"https:\/\/managerino.de\/wp-content\/uploads\/2022\/08\/datev_logo.png 608w, https:\/\/managerino.de\/wp-content\/uploads\/2022\/08\/datev_logo-300x296.png 300w\" sizes=\"auto, (max-width: 608px) 100vw, 608px\" \/><\/figure><div class=\"wp-block-media-text__content\">\n<p>\u00dcbertragen Sie erfasste Arbeits- und Abwesenheitszeiten aus Managerino\u00ae in Ihre Lohnverrechnung DATEV LODAS. Hierdurch haben Sie die M\u00f6glichkeit, Arbeitszeiten, Arbeitszeitsalden, \u00dcberstunden, Reisezeiten und Abwesenheitszeiten, wie zum Beispiel Urlaub, Beh\u00f6rdeng\u00e4nge oder Arztbesuche, in Ihrer Lohnverrechnung DATEV LODAS zu \u00fcbertragen und effizient und unkompliziert abzurechnen.<\/p>\n<\/div><\/div>\n\n\n\n<br>\n\n\n\n<div class=\"wp-block-media-text alignwide has-media-on-the-right\" style=\"grid-template-columns:auto 20%\"><figure class=\"wp-block-media-text__media\"><img loading=\"lazy\" decoding=\"async\" width=\"608\" height=\"599\" src=\"https:\/\/managerino.de\/wp-content\/uploads\/2022\/08\/datev_logo.png\" alt=\"\" class=\"wp-image-355 size-full\" srcset=\"https:\/\/managerino.de\/wp-content\/uploads\/2022\/08\/datev_logo.png 608w, https:\/\/managerino.de\/wp-content\/uploads\/2022\/08\/datev_logo-300x296.png 300w\" sizes=\"auto, (max-width: 608px) 100vw, 608px\" \/><\/figure><div class=\"wp-block-media-text__content\">\n<p>Mit unserer Schnittstelle zum DATEV Lohn &amp; Gehalt \u00fcbermitteln Sie automatisch und fehlerfrei erfasste Arbeits- und Abwesenheitszeiten aus Managerino\u00ae. Auf diese Weise ist es m\u00f6glich, Arbeitszeiten, Arbeitszeitsalden, \u00dcberstunden, Reisezeiten, Abwesenheitszeiten, wie beispielsweise Urlaub, Beh\u00f6rdeng\u00e4nge und Arztbesuche in Ihrer Lohnverrechnung DATEV Lohn &amp; Gehalt zu \u00fcbermitteln und effizient und unkompliziert abzurechnen.<\/p>\n<\/div><\/div>\n\n\n\n<br>\n\n\n\n<div class=\"wp-block-media-text alignwide\" style=\"grid-template-columns:29% auto\"><figure class=\"wp-block-media-text__media\"><img loading=\"lazy\" decoding=\"async\" width=\"768\" height=\"532\" src=\"https:\/\/managerino.de\/wp-content\/uploads\/2022\/08\/sagedpw.png\" alt=\"\" class=\"wp-image-356 size-full\" srcset=\"https:\/\/managerino.de\/wp-content\/uploads\/2022\/08\/sagedpw.png 768w, https:\/\/managerino.de\/wp-content\/uploads\/2022\/08\/sagedpw-300x208.png 300w\" sizes=\"auto, (max-width: 768px) 100vw, 768px\" \/><\/figure><div class=\"wp-block-media-text__content\">\n<p>\u00dcbermitteln Sie Ihre in Managerino erfassten Arbeits- und Abwesenheiten aus Managerino\u00ae \u00fcber unsere Schnittstelle an Sage DPW. Es k\u00f6nnen sowohl Arbeitszeiten, Arbeitszeitsalden, \u00dcberstunden, Reisezeiten als auch Abwesenheitszeiten, wie Urlaub, Beh\u00f6rdeng\u00e4nge oder Arztbesuche, effizient und unkompliziert in Sage abgerechnet werden.<\/p>\n<\/div><\/div>\n\n\n\n<br>\n\n\n\n<div class=\"wp-block-media-text alignwide has-media-on-the-right\" style=\"grid-template-columns:auto 27%\"><figure class=\"wp-block-media-text__media\"><img loading=\"lazy\" decoding=\"async\" width=\"1024\" height=\"768\" src=\"https:\/\/managerino.de\/wp-content\/uploads\/2022\/08\/system_fehlt-1024x768.jpg\" alt=\"\" class=\"wp-image-358 size-full\" srcset=\"https:\/\/managerino.de\/wp-content\/uploads\/2022\/08\/system_fehlt-1024x768.jpg 1024w, https:\/\/managerino.de\/wp-content\/uploads\/2022\/08\/system_fehlt-300x225.jpg 300w, https:\/\/managerino.de\/wp-content\/uploads\/2022\/08\/system_fehlt-768x576.jpg 768w, https:\/\/managerino.de\/wp-content\/uploads\/2022\/08\/system_fehlt.jpg 1280w\" sizes=\"auto, (max-width: 1024px) 100vw, 1024px\" \/><\/figure><div class=\"wp-block-media-text__content\">\n<p>Sie haben ein Abrechnungssystem, f\u00fcr das wir bisher keine Schnittstelle anbieten? Managerino\u00ae zeichnet sich aus, auf Kundenw\u00fcnsche individuell einzugehen. Gerne besprechen wir mit Ihnen Ihre Anforderung. <\/p>\n<\/div><\/div>\n","protected":false},"excerpt":{"rendered":"<p>Binden Sie Managerino\u00ae an Ihr SAP\u00ae -System an und verbuchen Sie Projektkosten auf Projektstrukturpl\u00e4ne, Auftr\u00e4ge oder Kostenstellen. Dar\u00fcber hinaus k\u00f6nnen auch Benutzerkonten verkn\u00fcpft werden und Arbeitszeiten in das SAP\u00ae HCM [&hellip;]<\/p>\n","protected":false},"author":1,"featured_media":0,"parent":0,"menu_order":0,"comment_status":"closed","ping_status":"closed","template":"","meta":{"footnotes":""},"class_list":["post-79","page","type-page","status-publish","hentry"],"yoast_head":"<!-- This site is optimized with the Yoast SEO plugin v27.4 - https:\/\/yoast.com\/product\/yoast-seo-wordpress\/ -->\n<title>Schnittstellen - Managerino<\/title>\n<meta name=\"robots\" content=\"index, follow, max-snippet:-1, max-image-preview:large, max-video-preview:-1\" \/>\n<link rel=\"canonical\" href=\"https:\/\/managerino.de\/?page_id=79\" \/>\n<meta property=\"og:locale\" content=\"de_DE\" \/>\n<meta property=\"og:type\" content=\"article\" \/>\n<meta property=\"og:title\" content=\"Schnittstellen - Managerino\" \/>\n<meta property=\"og:description\" content=\"Binden Sie Managerino\u00ae an Ihr SAP\u00ae -System an und verbuchen Sie Projektkosten auf Projektstrukturpl\u00e4ne, Auftr\u00e4ge oder Kostenstellen. Dar\u00fcber hinaus k\u00f6nnen auch Benutzerkonten verkn\u00fcpft werden und Arbeitszeiten in das SAP\u00ae HCM [&hellip;]\" \/>\n<meta property=\"og:url\" content=\"https:\/\/managerino.de\/?page_id=79\" \/>\n<meta property=\"og:site_name\" content=\"Managerino\" \/>\n<meta property=\"article:modified_time\" content=\"2022-08-24T13:54:24+00:00\" \/>\n<meta property=\"og:image\" content=\"https:\/\/managerino.de\/wp-content\/uploads\/2022\/08\/logo_sap-300x300.jpeg\" \/>\n<meta name=\"twitter:card\" content=\"summary_large_image\" \/>\n<meta name=\"twitter:label1\" content=\"Gesch\u00e4tzte Lesezeit\" \/>\n\t<meta name=\"twitter:data1\" content=\"3\u00a0Minuten\" \/>\n<script type=\"application\/ld+json\" class=\"yoast-schema-graph\">{\"@context\":\"https:\\\/\\\/schema.org\",\"@graph\":[{\"@type\":\"WebPage\",\"@id\":\"https:\\\/\\\/managerino.de\\\/?page_id=79\",\"url\":\"https:\\\/\\\/managerino.de\\\/?page_id=79\",\"name\":\"Schnittstellen - Managerino\",\"isPartOf\":{\"@id\":\"https:\\\/\\\/managerino.de\\\/#website\"},\"primaryImageOfPage\":{\"@id\":\"https:\\\/\\\/managerino.de\\\/?page_id=79#primaryimage\"},\"image\":{\"@id\":\"https:\\\/\\\/managerino.de\\\/?page_id=79#primaryimage\"},\"thumbnailUrl\":\"https:\\\/\\\/managerino.de\\\/wp-content\\\/uploads\\\/2022\\\/08\\\/logo_sap-300x300.jpeg\",\"datePublished\":\"2020-07-12T12:02:17+00:00\",\"dateModified\":\"2022-08-24T13:54:24+00:00\",\"breadcrumb\":{\"@id\":\"https:\\\/\\\/managerino.de\\\/?page_id=79#breadcrumb\"},\"inLanguage\":\"de\",\"potentialAction\":[{\"@type\":\"ReadAction\",\"target\":[\"https:\\\/\\\/managerino.de\\\/?page_id=79\"]}]},{\"@type\":\"ImageObject\",\"inLanguage\":\"de\",\"@id\":\"https:\\\/\\\/managerino.de\\\/?page_id=79#primaryimage\",\"url\":\"https:\\\/\\\/managerino.de\\\/wp-content\\\/uploads\\\/2022\\\/08\\\/logo_sap.jpeg\",\"contentUrl\":\"https:\\\/\\\/managerino.de\\\/wp-content\\\/uploads\\\/2022\\\/08\\\/logo_sap.jpeg\",\"width\":577,\"height\":577},{\"@type\":\"BreadcrumbList\",\"@id\":\"https:\\\/\\\/managerino.de\\\/?page_id=79#breadcrumb\",\"itemListElement\":[{\"@type\":\"ListItem\",\"position\":1,\"name\":\"Startseite\",\"item\":\"https:\\\/\\\/managerino.de\\\/\"},{\"@type\":\"ListItem\",\"position\":2,\"name\":\"Schnittstellen\"}]},{\"@type\":\"WebSite\",\"@id\":\"https:\\\/\\\/managerino.de\\\/#website\",\"url\":\"https:\\\/\\\/managerino.de\\\/\",\"name\":\"Managerino\",\"description\":\"manage employees, work efficiently!\",\"publisher\":{\"@id\":\"https:\\\/\\\/managerino.de\\\/#organization\"},\"potentialAction\":[{\"@type\":\"SearchAction\",\"target\":{\"@type\":\"EntryPoint\",\"urlTemplate\":\"https:\\\/\\\/managerino.de\\\/?s={search_term_string}\"},\"query-input\":{\"@type\":\"PropertyValueSpecification\",\"valueRequired\":true,\"valueName\":\"search_term_string\"}}],\"inLanguage\":\"de\"},{\"@type\":\"Organization\",\"@id\":\"https:\\\/\\\/managerino.de\\\/#organization\",\"name\":\"Managerino\",\"url\":\"https:\\\/\\\/managerino.de\\\/\",\"logo\":{\"@type\":\"ImageObject\",\"inLanguage\":\"de\",\"@id\":\"https:\\\/\\\/managerino.de\\\/#\\\/schema\\\/logo\\\/image\\\/\",\"url\":\"https:\\\/\\\/managerino.de\\\/wp-content\\\/uploads\\\/2021\\\/12\\\/cropped-IconOnly.png\",\"contentUrl\":\"https:\\\/\\\/managerino.de\\\/wp-content\\\/uploads\\\/2021\\\/12\\\/cropped-IconOnly.png\",\"width\":1024,\"height\":1024,\"caption\":\"Managerino\"},\"image\":{\"@id\":\"https:\\\/\\\/managerino.de\\\/#\\\/schema\\\/logo\\\/image\\\/\"}}]}<\/script>\n<!-- \/ Yoast SEO plugin. -->","yoast_head_json":{"title":"Schnittstellen - Managerino","robots":{"index":"index","follow":"follow","max-snippet":"max-snippet:-1","max-image-preview":"max-image-preview:large","max-video-preview":"max-video-preview:-1"},"canonical":"https:\/\/managerino.de\/?page_id=79","og_locale":"de_DE","og_type":"article","og_title":"Schnittstellen - Managerino","og_description":"Binden Sie Managerino\u00ae an Ihr SAP\u00ae -System an und verbuchen Sie Projektkosten auf Projektstrukturpl\u00e4ne, Auftr\u00e4ge oder Kostenstellen. Dar\u00fcber hinaus k\u00f6nnen auch Benutzerkonten verkn\u00fcpft werden und Arbeitszeiten in das SAP\u00ae HCM [&hellip;]","og_url":"https:\/\/managerino.de\/?page_id=79","og_site_name":"Managerino","article_modified_time":"2022-08-24T13:54:24+00:00","og_image":[{"url":"https:\/\/managerino.de\/wp-content\/uploads\/2022\/08\/logo_sap-300x300.jpeg","type":"","width":"","height":""}],"twitter_card":"summary_large_image","twitter_misc":{"Gesch\u00e4tzte Lesezeit":"3\u00a0Minuten"},"schema":{"@context":"https:\/\/schema.org","@graph":[{"@type":"WebPage","@id":"https:\/\/managerino.de\/?page_id=79","url":"https:\/\/managerino.de\/?page_id=79","name":"Schnittstellen - Managerino","isPartOf":{"@id":"https:\/\/managerino.de\/#website"},"primaryImageOfPage":{"@id":"https:\/\/managerino.de\/?page_id=79#primaryimage"},"image":{"@id":"https:\/\/managerino.de\/?page_id=79#primaryimage"},"thumbnailUrl":"https:\/\/managerino.de\/wp-content\/uploads\/2022\/08\/logo_sap-300x300.jpeg","datePublished":"2020-07-12T12:02:17+00:00","dateModified":"2022-08-24T13:54:24+00:00","breadcrumb":{"@id":"https:\/\/managerino.de\/?page_id=79#breadcrumb"},"inLanguage":"de","potentialAction":[{"@type":"ReadAction","target":["https:\/\/managerino.de\/?page_id=79"]}]},{"@type":"ImageObject","inLanguage":"de","@id":"https:\/\/managerino.de\/?page_id=79#primaryimage","url":"https:\/\/managerino.de\/wp-content\/uploads\/2022\/08\/logo_sap.jpeg","contentUrl":"https:\/\/managerino.de\/wp-content\/uploads\/2022\/08\/logo_sap.jpeg","width":577,"height":577},{"@type":"BreadcrumbList","@id":"https:\/\/managerino.de\/?page_id=79#breadcrumb","itemListElement":[{"@type":"ListItem","position":1,"name":"Startseite","item":"https:\/\/managerino.de\/"},{"@type":"ListItem","position":2,"name":"Schnittstellen"}]},{"@type":"WebSite","@id":"https:\/\/managerino.de\/#website","url":"https:\/\/managerino.de\/","name":"Managerino","description":"manage employees, work efficiently!","publisher":{"@id":"https:\/\/managerino.de\/#organization"},"potentialAction":[{"@type":"SearchAction","target":{"@type":"EntryPoint","urlTemplate":"https:\/\/managerino.de\/?s={search_term_string}"},"query-input":{"@type":"PropertyValueSpecification","valueRequired":true,"valueName":"search_term_string"}}],"inLanguage":"de"},{"@type":"Organization","@id":"https:\/\/managerino.de\/#organization","name":"Managerino","url":"https:\/\/managerino.de\/","logo":{"@type":"ImageObject","inLanguage":"de","@id":"https:\/\/managerino.de\/#\/schema\/logo\/image\/","url":"https:\/\/managerino.de\/wp-content\/uploads\/2021\/12\/cropped-IconOnly.png","contentUrl":"https:\/\/managerino.de\/wp-content\/uploads\/2021\/12\/cropped-IconOnly.png","width":1024,"height":1024,"caption":"Managerino"},"image":{"@id":"https:\/\/managerino.de\/#\/schema\/logo\/image\/"}}]}},"_links":{"self":[{"href":"https:\/\/managerino.de\/index.php?rest_route=\/wp\/v2\/pages\/79","targetHints":{"allow":["GET"]}}],"collection":[{"href":"https:\/\/managerino.de\/index.php?rest_route=\/wp\/v2\/pages"}],"about":[{"href":"https:\/\/managerino.de\/index.php?rest_route=\/wp\/v2\/types\/page"}],"author":[{"embeddable":true,"href":"https:\/\/managerino.de\/index.php?rest_route=\/wp\/v2\/users\/1"}],"replies":[{"embeddable":true,"href":"https:\/\/managerino.de\/index.php?rest_route=%2Fwp%2Fv2%2Fcomments&post=79"}],"version-history":[{"count":13,"href":"https:\/\/managerino.de\/index.php?rest_route=\/wp\/v2\/pages\/79\/revisions"}],"predecessor-version":[{"id":428,"href":"https:\/\/managerino.de\/index.php?rest_route=\/wp\/v2\/pages\/79\/revisions\/428"}],"wp:attachment":[{"href":"https:\/\/managerino.de\/index.php?rest_route=%2Fwp%2Fv2%2Fmedia&parent=79"}],"curies":[{"name":"wp","href":"https:\/\/api.w.org\/{rel}","templated":true}]}}